termine q(-4).
-6
Let v(f) = 3 - f + 2 - 2*f**2 + 3*f**2 + f**3. Suppose 5*q - q = 0. Let t be (0/1 + q)/1. What is v(t)?
5
Let g(w) = 3*w - 2. Suppose 3*f - 48 = -f. Let z = 4 + 1. Suppose 3*u - 18 = -0*a + 3*a, -a - z*u + f = 0. Calculate g(a).
-11
Let q(f) = f + 5. Suppose 6*y = 2*y - 20. Let v be q(y). Let b(a) = a**3 + a**2 + a - 5. Give b(v).
-5
Let k(o) = o**2 + 7*o + 6. Let h(r) = -r**2 - 2*r - 3. Let x(z) = z - 3. Let s be x(0). Let u be h(s). Give k(u).
0
Let m = -3 + 2. Suppose o = 3*a - 6, -a = -2*o - 3 - 9. Let d(b) = 3*b**2 - b - 7. Let v(r) = 6*r**2 - 2*r - 15. Let h(f) = o*v(f) + 13*d(f). Determine h(m).
3
Let v(o) = 3*o**2 + 3*o - 10. Let c(r) = -r - 5. Let q be c(0). Suppose -3*m - 16 = m. Let y(s) = -4*s**2 - 4*s + 11. Let l(g) = m*y(g) + q*v(g). Give l(0).
6
Let k(n) = -9*n - 2 - 2*n - 9*n**2 - 6 + 8*n**3 - 9*n**3. Calculate k(-8).
16
Let v(q) = q + 9. Let c be v(-10). Let l(w) = 2*w. What is l(c)?
-2
Let z(p) be the second derivative of -p**3/3 - 3*p**2/2 + 7*p. Give z(5).
-13
Let h(s) = 2*s + 6. Suppose -65*y - 12 = -62*y. Give h(y).
-2
Let w(c) = 16*c + 5. Let n(h) = -11*h - 3. Let x(p) = 7*n(p) + 5*w(p). Let m = 22 - 11. Let o = 8 - m. Give x(o).
-5
Let k(a) = 4*a**2 - 17*a - 2. Let p(g) = 3*g**2 - 11*g - 1. Let d(j) = -5*k(j) + 7*p(j). Give d(-5).
-12
Let t(h) = h**2 + 9*h. Let x be (-6)/(-10) - 165/25. Determine t(x).
-18
Let v(k) be the third derivative of -k**2 + 0*k**3 - 1/24*k**4 + 0*k + 0 - 1/120*k**5 - 1/720*k**6. Let b(z) be the second derivative of v(z). Determine b(3).
-4
Let t be 6/4 - 7/(-2). Let j(r) = -r**3 + 4*r**2 + 5*r + 2. Determine j(t).
2
Let d(q) = -q**2 - 5*q. Let p(l) = -l**2 - l - 6. Let m be (-12)/6 - 2/(-1). Let i be p(m). What is d(i)?
-6
Let b = 4 + -3. Let z(a) = 4*a + 26*a**2 - 31*a**2 - 3*a + b. What is z(-1)?
-5
Let w(m) = -3 - m**3 - 8*m + 1 - 8*m**2 - 3. Determine w(-7).
2
Let s(c) = -c**2 - 9*c - 7. Let d be s(-7). Suppose -d = -4*q + 29. Let a(k) = 4 - 4 - 1 - q*k. Determine a(1).
-10
Let c = -22 + 37. Suppose c + 10 = 5*d. Let l(f) = -f**3 + 4*f**2 + 6*f - 7. What is l(d)?
-2
Suppose -5*r - 3*o + 3 - 52 = 0, -4*o + 28 = -5*r. Let a(d) = -d**3 - 9*d**2 - 7*d + 4. Give a(r).
-4
Let a(i) = i**3 - 6*i**2 + 6*i + 1. Let n(x) = -x + 4. Let j be n(8). Let q = j + 9. Calculate a(q).
6
Suppose -l = -0*l - 3. Let z(r) = -l + 5 + 6*r**2 - r**3 - 4*r - 3*r. Determine z(5).
-8
Let u(l) = 23*l + 4. Let v be u(8). Let p be v/36 - 4/18. Let s(m) = 2*m - 6. Determine s(p).
4
Let t(d) = -6*d**2 - 6*d + 26. Let x(o) = o**2 - 6 + 1 + 2*o - o. Let p(c) = 2*t(c) + 11*x(c). Determine p(0).
-3
Let k(z) = -z**3 - z**2 + 2. Let i = 4 + -1. Suppose -i*b - 3*n + 5 = 2*b, b + 5*n = 23. Determine k(b).
6
Let d(h) = 12*h**3 - h + 1. Suppose 0 = 2*o - o - 1. Calculate d(o).
12
Let q(v) = -v**2 - v - 1. Let h(r) = -3*r**2 - 8*r + 1. Let i(o) = h(o) - 4*q(o). Determine i(4).
5
Let d(c) = c. Suppose -4*m - 2*g + 20 = 0, 7*g - 5 = -m + 2*g. What is d(m)?
5
Let x(p) = p**2 + 8*p + 9. Let a be x(-6). Suppose w - 6*m + m = 24, 2*m + 24 = 4*w. Let i(z) = -w*z + 0*z - z**2 + 7 - 3. Calculate i(a).
7
Let f(p) = -p**3 + 8*p**2 - 7*p + 8. Let d be (-87)/(-15) + 2 - 36/45. Give f(d).
8
Let n(u) = -2*u**3 + u**2 - 1. Suppose -29 = -5*a + 16. Suppose -h + a - 8 = 0. Determine n(h).
-2
Let w(l) = 9*l**3 + l**2 - 1. Let n be (1 + -1)*(-1)/(-3). Let t be -10*(n + (-3)/(-6)). Let u = 6 + t. Give w(u).
9
Let p(x) = -3*x - 1. Let a be (2/3)/(2/6). Let o be (-9)/4 + a/8. What is p(o)?
5
Let w be (-2)/6 + (-24)/9. Let g(n) = -n - 1. Calculate g(w).
2
Let o(g) = g**2 + 8*g + 12. Let t = -74 + 66. Determine o(t).
12
Let n(x) = -7*x - 6. Suppose 3*w + 4*s + 3 = 3*s, -4*w - 5*s + 7 = 0. Let g(m) = 3*m + 3. Let o(y) = w*n(y) - 5*g(y). Calculate o(-5).
2
Suppose 2*c + 0 = 4. Let b(n) = 2 + 5*n**2 - c*n**3 + n**3 - 4*n + 1. Let u = -195 + 197. Determine b(u).
7
Let x(f) = 4*f**3 - 3*f**2 - 2*f + 0*f - 3*f**3 - 4. Suppose -y + 4 = -0*y. Give x(y).
4
Let u be 2 - (-5 - (-3 - -3)). Let k(z) = u*z - 8*z + 0 - 3. Determine k(-3).
0
Let q(r) = -r + 14. Let z be q(7). Let c(i) = -i**2 + 9*i - 5. Determine c(z).
9
Suppose -5*w - 3 = -13. Let v(l) = l - 3. Determine v(w).
-1
Let r(b) be the second derivative of -5*b**4/12 - b**3 - b**2/2 - 2*b. Let y(x) = -x**2 + 1. Let t(s) = r(s) - 4*y(s). What is t(-6)?
-5
Let v(q) be the third derivative of -5*q**4/24 - q**3 + 49*q**2. What is v(-6)?
24
Let w(m) = -3*m - 4*m + m**2 - 1 + 4*m. Let k(r) = -r**2 - 15*r - 9. Let z be k(-14). Give w(z).
9
Let z(j) = 3*j + 1. Let a(r) = -r**3 - 22*r**2 - r - 23. Let q be a(-22). Suppose 2*x = -7 + 1, -4*h - 4*x = 4. Let f = h + q. Calculate z(f).
4
Let r(l) = 5*l**3 - 6*l**2 + l - 1. Let m(a) = a**3 - a**2. Let z(b) = 6*m(b) - r(b). Let v(d) = d + 3. Let n be v(-2). What is z(n)?
1
Let f(y) = -y**3 + y - 1. Let v be f(-2). Let c be 2/v + (-15)/(-25). Let h be 95/20 + c/4. Let r(t) = -2*t + 7. What is r(h)?
-3
Let s(x) = -x - 1. Let a(y) = -2*y - 2. Suppose 6 - 2 = t. Let r(w) = t*a(w) - 7*s(w). Suppose 0 = 2*n - 3*g + 16, 4*n = -0*n + 4*g - 28. Determine r(n).
4
Suppose 0 = 2*g - 9 - 5. Let f(a) = a**3 - 8*a**2 + 7*a + 10. Calculate f(g).
10
Let k(i) = -5*i - 9 + 0*i - 2*i**2 + 2*i**3 + i. Let j(s) = s**3 + s**2 - 1. Let m(o) = 3*j(o) - k(o). Let h be (-6)/(-18) + (-26)/6. What is m(h)?
6
Suppose 0 = -6*t + 2*t - 8. Let a be (-2 - t)/(1 + 1). Suppose -2 = 5*h + 2*x, -2*x + 2 + a = 3*h. Let o(w) = 2*w**2 + w - 2. What is o(h)?
4
Let u(p) = -p**2 + 5*p + 2. Let l = 7 - 2. Let x be u(l). Let z(k) = 2*k**2 - 2*k + 1. What is z(x)?
5
Let p(t) = t**3 + 6*t**2 + 6*t - 6. Suppose 0 = y - 5*y - 20. Give p(y).
-11
Let c = 16 - 8. Let i be (-22)/3 + c/(-12). Let s(v) = v**2 + 7*v - 5. Let f be s(i). Let y(h) = h**2 - 3*h + 3. Calculate y(f).
3
Let t(d) = -7*d - 4. Let y = 0 + 7. Let l(k) = y - 1 - 2 + 1 + 8*k. Let i(z) = -6*l(z) - 7*t(z). Give i(-2).
-4
Let z(c) be the second derivative of c**5/20 - c**4/2 + 2*c**3/3 + 2*c**2 + c. Let g(s) = 2*s + 9. Let u be g(-7). Let q = u - -10. Calculate z(q).
-1
Let m(r) be the first derivative of 2*r**3 - r**2/2 + 6. Suppose 0*d + 5*d = 5. Give m(d).
5
Let j(t) = -4*t + 2. Suppose -2*k = 3*g - 4*k - 16, 3*g - 31 = 5*k. What is j(g)?
-6
Let r(z) be the second derivative of z**6/360 - z**5/40 + z**4/4 - 4*z. Let t(m) be the third derivative of r(m). Let l = 10 - 6. Calculate t(l).
5
Let t = -10 + 16. Let q(m) = -9*m**2 + 0*m**3 - 8 + m + m**3 + 3*m**2. Determine q(t).
-2
Let b = 0 + -1. Let i(t) = -t + 1. Let j(u) = 2*u**3 + u**2 + 4*u - 4. Let r(y) = 4*i(y) + j(y). Calculate r(b).
-1
Let b(n) be the second derivative of -n**3/3 + n. Suppose -2*z + z = -3. Let g be 2 + 3 + -5 + z. Calculate b(g).
-6
Let p(q) = -q**2 - 2*q + 4. Let n = -32 - -28. Calculate p(n).
-4
Let a = -3 - -2. Let r be -1 + 3 + 1*a. Let h(d) = 9*d. Calculate h(r).
9
Let f be (6/9)/((-4)/(-30)). Suppose -f = -d - 2. Let c(l) = -8 + 4 - d - l. Determine c(-5).
-2
Let z(l) = 15*l**3 + 13*l**2 + 15*l - 27. Let a(p) = 7*p**3 + 6*p**2 + 7*p - 13. Let v = 15 + -9. Let i(h) = v*z(h) - 13*a(h). Calculate i(0).
7
Suppose -18 - 2 = 5*p. Let g(j) = -2*j - 5. Determine g(p).
3
Let g be 1 - (0 - (-1 + 1)). Suppose -g = -5*u - 11. Let h = u - -2. Let r(m) = -m**3 + m**2 + m + 5. Give r(h).
5
Let n = -10 - -22. Suppose 0 = n*u - 8*u + 16. Let p(j) be the third derivative of -j**6/120 - j**5/15 + j**4/12 + 5*j**3/6 + j**2. Calculate p(u).
-3
Let t(f) = 2*f**2 + 0*f + 8 + 3*f - 10*f - 3*f**2. What is t(-7)?
8
Let l(d) = -3*d**3 + 3*d**2 - 3*d + 4. Let v(f) = -7*f**3 + 5*f**2 - 7*f + 8. Let t(b) = -5*l(b) + 2*v(b). Suppose 7 = 5*u - 18. Calculate t(u).
1
Let m(s) be the first derivative of s**2/2 - 8. Give m(4).
4
Let w = 6 - 9. Let x be (-12)/(-6) + (-1 - w). Let a(h) = -3 - 2*h - x + 3*h. Determine a(5).
-2
Let i(m) be the second derivative of -m**5/20 - 5*m**4/4 + 5*m**3/2 - 6*m**2 + m. Let h be i(-16). Let z(r) = r**2 - 4*r. Determine z(h).
0
Let b(y) = y**3 - 4*y**2 - 3*y - 1. Let t = 2 - 0. Let v be t - (-3 - -4) - -4. Calculate b(v).
9
Suppose -7 = 4*b + 9. Let o(r) = -r**2 - 6*r - 6. Let s be o(b). Let k(f) = -f**2 + 2*f + 2*f**2 - 2*f**s + 4 + 3*f. Give k(5).
4
Let o be 22/(-8) - (15/(-20) - -1). Let r(f) = -f**3 - 4*f**2 - 3. What is r(o)?
-12
Let r be 2/(-3) + (-64)/(-24). Su